5*f + 27 = x - 0*x. Let z = 42 - x. Let v be (-2)/5 + 14/z. What is g(v)?
13
Let o(u) = 10*u + 55. Suppose 27*d - 22*d - 35 = 0. Let k(r) = -7*r - 37. Let s(c) = d*k(c) + 5*o(c). Give s(0).
16
Let m = 226 + -234. Let t(l) = -l**3 - 9*l**2 - 9*l - 2. What is t(m)?
6
Suppose -123*v - 62 = 221 + 332. Let s(j) be the third derivative of -j**4/12 + j**3/2 + j**2. Calculate s(v).
13
Let q(b) = -9*b - 3. Let c(o) = -3*o - 1. Let u(a) = 17*c(a) - 6*q(a). Let g = 7 - 3. Suppose 4 = g*p - 8. Determine u(p).
10
Let p(b) = -b**3 - 4*b**2 - b + 2. Let u be ((-84)/49 - -2) + (-30)/7. Give p(u).
6
Let n(b) = 14*b**3. Let c be (16*(-4 + 3))/(-2). Let t = c - 6. Suppose -t*s + 5*s + 3 = 0. Determine n(s).
-14
Let g(c) be the first derivative of -c**3/3 + 3*c**2 + c - 167. Give g(7).
-6
Let a(y) be the second derivative of -1/3*y**4 - 1/20*y**5 + y**3 - 5/2*y**2 + 0 + 5*y. Give a(-5).
-10
Suppose 0 = 4*l - 3*c - 35, l - c = -6*c - 20. Let u(z) = 5*z + l*z + 2*z - 6*z. Calculate u(-2).
-12
Let d(x) = -6*x + 67. Let z be d(11). Let q(w) = -w. Let o(j) = 22*j**2 + 7*j. Let g(v) = z*o(v) + 6*q(v). Give g(-1).
21
Let z = -205 - -213. Let o(s) = -s**3 + 9*s**2 - 11*s + 11. Determine o(z).
-13
Let l(r) = 63 - 52 + 3*r - r. Let c = 61 - 69. Give l(c).
-5
Suppose -77*x = -88*x + 88. Let d(b) = -b**3 + 8*b**2 - 2*b - 4. Calculate d(x).
-20
Suppose 0 = -c + 3*c. Let w(a) = 0 - a**2 - 2*a - 4 + 0*a**2 + c. Suppose -5*p - 3*t = -t + 17, 4*p + t = -13. Calculate w(p).
-7
Suppose -2*o = 5*o - 378. Let q(w) = 25*w + 28*w - o*w - 13. Give q(-9).
-4
Let j = 273 - 279. Let c(t) be the third derivative of -t**5/40 - t**4/8 + t**3/6 - t**2. Let g(w) be the first derivative of c(w). What is g(j)?
15
Let u(d) = -d**2 + 6*d + 3. Suppose 0 = 2*v + 5*b - 49, 5*v - 5*b + 18 - 53 = 0. Suppose -28*k + 30*k = v. Calculate u(k).
3
Suppose 0 = 4*v - 2*j - 108, -v - j = -0*j - 30. Let x = -28 + v. Let b(k) = k - 1. Calculate b(x).
-1
Suppose 5*o + 5*p + 5 = 0, 6*o - 17 = 7*o - 3*p. Let k(y) be the second derivative of y**4/12 + y**3 + 5*y**2/2 + y. Determine k(o).
0
Let m(f) = 3*f**2 + 5*f + 1. Let a(w) = 4*w**2 + 6*w. Let g(u) = -4*a(u) + 5*m(u). Determine g(0).
5
Let h(q) be the first derivative of 1/3*q**3 - 7/2*q**2 + 1 - 2*q. Calculate h(8).
6
Let b(v) = -3*v**2 + v - 15. Let u(i) = -4*i**2 + i - 15. Let k(y) = -5*b(y) + 4*u(y). Let q be k(0). Let h(j) = 5*j + q - 6 - 3 - 4*j. What is h(-7)?
-1
Let z(y) = -y - 2. Let x be z(-6). Let h(n) = 64*n - 121*n + 60*n. Calculate h(x).
12
Let d(g) = -10*g - 3. Let h be 110/10 + (-27)/3. Calculate d(h).
-23
Let r = -76 + 74. Let z(i) = 7*i - 1400 + 1400. What is z(r)?
-14
Suppose 0*u = 2*u - 26. Suppose -7*p + 30 = -5. Suppose 0 = -p*c + u - 23. Let d(t) = t**2 - 2*t - 3. Calculate d(c).
5
Let r(o) = o - 3. Let v be r(3). Suppose -2*w + v*w = -5*t, -18 = -4*w + t. Suppose w*k = 4*k - 2. Let a(m) = 2*m + 2. Calculate a(k).
-2
Let m(l) = l**2 + 16*l + 23. Suppose -4*w + 31 = -2*j + 23, 0 = -3*j - w - 47. What is m(j)?
-5
Let m(s) = -2*s**3 + 3*s + 5. Let i be m(-2). Let z be (-3)/i*-5*-1. Let n(j) be the first derivative of 3*j**2/2 + j + 2. What is n(z)?
-2
Let k(c) = c**3 + 4*c**2 - c - 2. Let n = -10 + 10. Suppose -16 + n = -4*f, 3*f - 8 = t. Let l be 3 - (-2)/(-2) - t. What is k(l)?
8
Let j(b) = -b - 1. Let i(p) = -3*p + 1. Let l(k) = i(k) - 4*j(k). Suppose m + 65 = -4*w, 3*w + 4*m - 44 = 6*w. Let d = w + 12. Determine l(d).
1
Let v(g) = g**2 - 2*g + 2. Suppose 0 = -2*q - 4*c, -3*c - 4 + 2 = q. Give v(q).
10
Let d = -8 + 11. Let k(o) be the third derivative of -o**6/120 + o**5/20 - o**4/24 - o**3/3 - 7*o**2. Let h be k(d). Let m(n) = 2*n - 3. Give m(h).
-13
Let o(x) = -x**3 - 8*x**2 + 3*x + 12. Suppose -60 = 10*p + 20. Calculate o(p).
-12
Let s(b) = 36 + 33 + 35 - 2*b - 96. What is s(5)?
-2
Let t(b) = -6*b - 6. Let c(d) = -d**2 + 3*d + 3. Let p(h) = -c(h) - t(h). Give p(4).
31
Suppose t - 4*w + 2 = -0*t, 0 = t + 5*w + 2. Let y(c) = -c**3 - 2*c**2 - 3*c. Let d = 85 - 86. Let m(r) = -r**2. Let q(b) = d*y(b) + t*m(b). What is q(-4)?
-12
Let k be (12/(-16))/(2/(8/1)). Let d(h) = 3*h + 7. What is d(k)?
-2
Let o(c) = -c + 1. Let z = -17 - -10. Let i be 2/z + 1632/(-119). Let p be ((-6)/(-7))/((-4)/i). Determine o(p).
-2
Let d(z) be the third derivative of z**6/120 + z**5/30 - z**4/24 - 2*z**3/3 + 2*z**2 - 85*z. Calculate d(-3).
-10
Let m(f) = -2*f**2 + 4*f + 5. Let b be 47/(-3) - (-18)/27. Let a be (20/b)/((-2)/6). Calculate m(a).
-11
Let a(g) = 26*g - 4. Let w be -2 + (-3)/(-9)*21. Let j(c) = 17*c - 3. Let s(k) = w*a(k) - 7*j(k). What is s(1)?
12
Let p(w) = -w**2 + 6*w - 3. Let s(n) = 7*n**2 + 2*n - 1. Let x be s(1). Let i = -6 + x. Suppose i*q = -0*q + 12. What is p(q)?
-3
Let u = -6 - -10. Let x(b) = 20 + 7 + 6 - 2*b - 34. Give x(u).
-9
Let j(w) be the second derivative of 5/2*w**2 + 1/12*w**4 + 16 + 4/3*w**3 - 2*w. What is j(-6)?
-7
Let d(i) = -2*i**2 - 4*i. Suppose -l - 10 = 2*u, 7*u + 13 = -l + 4*u. Let z(j) = j**3 + 3*j**2 - 5*j - 7. Let x be z(l). Give d(x).
-6
Let b(z) be the first derivative of z**3/3 - 9*z**2 + 2*z - 328. What is b(18)?
2
Let d(n) = -4 - 7 - n - 5 - 3 + 2*n. Determine d(8).
-11
Let o(a) = 2*a + 2 - a - 2*a. Suppose 0 = 2*i + i - 5*y - 10, 0 = -2*i + y + 9. Suppose 0 = g + 3 - i. Determine o(g).
0
Let a(m) = -m**3 - 2*m**2 - 2*m - 3. Suppose 5*g = -2*d + 5 + 11, 2*d + g - 8 = 0. Suppose 9*l - d*l = -12. Give a(l).
1
Let m(h) = -1. Let d(l) = -l - 1. Let o(p) = 2*d(p) + m(p). Suppose -27 = 2*j - 3*g - 11, -g = j - 2. Calculate o(j).
1
Let y = 27 - 22. Suppose y*o + 13 + 2 = 2*d, -3*o - 9 = -4*d. Let n(b) = b**3 + 3*b**2 + b - 1. Give n(o).
-4
Suppose 5*g + 16 = -c + g, 2*c + 5*g + 20 = 0. Suppose -3*n + 0*n + 3 = c. Let l(j) = 3*j**2 + 2*j - 1. Determine l(n).
4
Let x(a) = -a**3 + 6*a**2 + 7*a + 8. Let f be x(7). Let j = -4 + f. Let q(g) = 0*g**2 + g**2 - 2*g - j + 3 + 0*g**2. Calculate q(3).
2
Let y(f) = -f + 3. Let j be y(4). Let z(o) be the first derivative of -o**3/6 - o**2 + 12*o + 6. Let t(m) be the first derivative of z(m). Calculate t(j).
-1
Let u(x) = 0*x**2 - 3 + 4*x**2 - 1 - 5*x**2 - 10*x. Calculate u(-9).
5
Suppose -68 = 10*o + 22. Let j(p) = -p**3 - 9*p**2 - 3. Give j(o).
-3
Suppose 4 = 11*l - 9*l. Suppose l*j = -4*i + 22, 0 = -3*j + i - 3 + 15. Let t(u) = -u**3 + 4*u**2 + 0 + 5*u + 0 + 1. Determine t(j).
1
Let u(o) = -o**2 + 5*o - 7. Let k(a) = -1. Let s(y) = 4*k(y) - u(y). Let q(t) = t**2 - 7*t - 12. Let m be q(9). What is s(m)?
9
Let z(p) = 4*p**2 + p. Let w = 5 - 5. Suppose 0*d + 2*d - 12 = w. Let k(f) = -f**2. Let r(n) = d*k(n) + z(n). Calculate r(-1).
-3
Let y(r) = -4*r. Let x(q) = q + 1. Let j(b) = 3*x(b) + y(b). Suppose 9*p - 25*p + 96 = 0. Calculate j(p).
-3
Suppose 99*a - 101*a - 10 = 0. Let n(f) = -f**2 - 3*f + 10. Calculate n(a).
0
Let s(k) = 3*k - 63. Let u(b) = 5*b - 123. Let c(j) = 11*s(j) - 6*u(j). What is c(-13)?
6
Let o(k) = -k + 5. Let l(m) = -4. Let c = -38 + 35. Let j(x) = c*o(x) - 4*l(x). Suppose -2 - 2 = -4*q. Determine j(q).
4
Let c(q) = -q**3 + 6*q**2 - 4*q - 1. Suppose 72 - 12 = 15*x. Let r be (40/(-12))/(x/(-6)). What is c(r)?
4
Let y(r) = 4 - 3*r - r**3 + 9*r - 4*r**2 - r**2. Let s be y(-6). Let j(g) = g + 2. Give j(s).
6
Let w(u) be the first derivative of -u**2/2 - 6*u + 1. Suppose 40*l = -45*l - 7*l. Calculate w(l).
-6
Let m(i) = i**2 - 3*i - 4. Let x be (-4)/6*(-930)/124. Give m(x).
6
Let v(w) = -w + 17. Let s(d) be the third derivative of -d**6/60 - d**5/15 - d**4/8 + 2*d**3/3 - 31*d**2. Let g be s(-2). Determine v(g).
7
Let p(t) = t**2 - 10*t + 13. Let k be (20/(-22))/((-5)/55). Calculate p(k).
13
Let g(u) = u**3 + u**2 + 2*u - 1. Let k(q) = 5*q**3 + 9*q**2 + 3*q + 3. Let b(x) = -4*g(x) + k(x). Calculate b(-6).
1
Let q(y) = y**2. Let f(l) = -l**2 + l - 1. Let d(i) = 2*f(i) + 3*q(i). Let n be d(-3). Let t(w) = 0 - 2*w + n + 0. Determine t(-3).
7
Let t(w) = 0*w**2 + 7*w + 5*w**2 + 0*w**3 - 2 + 8 - 6*w**3 + 5*w**3. Determine t(6).
12
Let w(l) = -3 - 135*l + 1 + 6 + 134*l. Determine w(2).
2
Let y = 2 - 5. Let g(p) be the second derivative of -1/6*p**4 + 0 - 2/3*p**3 - 1/2*p**2 + 41*p. Calculate g(y).
-7
Let j(n) be the first derivative of -n**4/4 - 2*n**3 + 5*n - 1. Let l(r) = -r**3 - 3*r**2 + 112*r + 42. Let a be l(-12). Determine j(a).
5
Suppose -20 = -7*q + 3*q. Let x(f) = -5 -